y i.
26
Let z = 17 - 9. Suppose 3*q = -h + 25, -2*h - 2 + 64 = 3*q. What is the remainder when h is divided by 1/4 + 102/z?
11
Let b = -49 + 30. Let t = 4 - b. Let s(m) = -m + 6. What is the remainder when t is divided by s(-6)?
11
Let d = -8 + 25. Suppose 5*j + 12*z - 9*z = 335, -5*j + 5*z = -335. What is the remainder when j is divided by d?
16
Let j be ((-9)/(-6))/(3/(-8)). Calculate the remainder when 35/3 + j/6 is divided by 4.
3
Let b(g) = -g**3 + 27*g**2 - 46*g - 52. Calculate the remainder when b(25) is divided by 14.
6
Let d(i) = -i**3 + i**2 + 1. Let g be d(0). Let z = g - 0. Suppose -2*x - x = -3. What is the remainder when x is divided by z?
0
Let z = -4 + 66. Let p(v) = 2*v + 5. Calculate the remainder when z is divided by p(8).
20
Suppose 5*f = -3*d - 71, 0*d = -2*f - 4*d - 20. Let l = 26 + f. Suppose 0 = -l*y + 5*y + 65. Calculate the remainder when 38 is divided by y.
12
Let g be 21/(-28) + 150/8. Let l = 8 + g. Calculate the remainder when l is divided by 9.
8
Suppose 7*n - 345 = 369. What is the remainder when n is divided by 26?
24
Let z = -163 + 171. Suppose -5 = 4*h + 11. What is the remainder when h/(-18) + 588/27 is divided by z?
6
Let b = 36 - 23. Let n = 36 + 40. What is the remainder when n is divided by b?
11
Suppose -4*i = 66 + 6. Let c = -7 - i. What is the remainder when 19 is divided by c?
8
Let v(w) = w**3 + w**2 - w + 2. Calculate the remainder when 27 is divided by v(2).
3
Suppose 7 = q - 3. Suppose 4*g + 0*g + 5*s + 1 = 0, -4*g - s = -19. Suppose -g = 2*w - 62. Calculate the remainder when w is divided by q.
8
Let z(h) = 13*h**3 - h**2 + 13*h. Let x(y) = -3*y**3 - 3*y. Let m(s) = 9*x(s) + 2*z(s). Calculate the remainder when 2 is divided by m(-2).
0
Suppose 0 = 5*g - 4*t - 4, -10 = 3*g + 5*t - 42. Let s be 250/7 + 4/14. Suppose 0 = -2*r + g + s. Calculate the remainder when r is divided by 11.
9
Let q = 59 + -41. What is the remainder when 50 is divided by q?
14
Suppose 27 - 2 = -5*m. What is the remainder when 12 is divided by (1 - (m - -3)) + 4?
5
Suppose 2*z + z - 9 = 0. Calculate the remainder when 7 is divided by z.
1
Suppose -3*j - 30 = -6*j. What is the remainder when 17 is divided by j?
7
Suppose -2*s - 6 + 16 = 0. What is the remainder when 7 is divided by s?
2
What is the remainder when -2*2 + (-6 - -31) is divided by 5?
1
Suppose -3*k + 120 = k. Calculate the remainder when 89 is divided by k.
29
Let b(t) = t**3 - 7*t**2 + 2*t - 7. Let q be b(5). Let c = 82 + q. Suppose c + 25 = 3*s. What is the remainder when s is divided by 7?
6
Suppose w - 4 + 0 = 0. Suppose -7*v - 54 = -w*i - 2*v, 3*i + v = 31. Suppose -2*s + i = 3. What is the remainder when s is divided by 3?
1
Suppose -4*m + 103 = -29. What is the remainder when m is divided by 18?
15
Suppose -3*m + 37 = 7. What is the remainder when (5/15)/(2/174) is divided by m?
9
Suppose 5*i = n + 94, -5*i + 3 = -4*n - 88. Suppose -2*f + 2*a = -48, -4*a + 83 = 5*f - i. Calculate the remainder when f is divided by 5.
2
Let a = -13 + 15. Calculate the remainder when 2 is divided by a.
0
Suppose 4*w - 71 = 5*j, 0 = 4*j - 1 - 3. Suppose 0 = -5*h + 303 - 28. What is the remainder when h is divided by w?
17
Suppose -3*i = 3*y - 15, -2*y - 6 = -4*y + 2*i. Suppose -1 + 9 = y*r. Let v(t) = t**3 - 7*t**2 + 6*t + 1. What is the remainder when r is divided by v(6)?
0
Let x(m) = m**3 + m**2 - 1. Let c(b) = 4*b**3 + 3*b**2 + 2*b + 11. Let t(y) = c(y) - 3*x(y). Let s = -18 - -44. What is the remainder when s is divided by t(0)?
12
Let g(b) be the first derivative of -12*b**2 - b - 2. Let h = 40 + -28. What is the remainder when g(-1) is divided by h?
11
Suppose -q = 2*q. Suppose h - 58 = -q*h. Calculate the remainder when h is divided by 15.
13
What is the remainder when 5/10 + 0 + (-402)/(-4) is divided by 34?
33
Suppose -2*f - f - 258 = 0. Let r be (f/4)/((-1)/2). Suppose 0*k = -k + r. What is the remainder when k is divided by 15?
13
Let l = 88 - 44. Let q be (-2)/(-1) - l/(-2). Let o = 35 - q. What is the remainder when 32 is divided by o?
10
Let t be 32/20 + (-2)/(-5). Let m(y) = y**t - y + 5*y - 3*y - 2. What is the remainder when 14 is divided by m(2)?
2
Let p be (-298)/4 - 2/4. Calculate the remainder when (-1510)/p - (-2)/(-15) is divided by 11.
9
Suppose -5*d + 2*d = -12. Suppose -5*g + 95 = -d*a - 6, -2*g - a + 43 = 0. What is the remainder when 39 is divided by g?
18
Let k(t) = -6*t + 1. Let h be k(-5). Let g = -20 + h. What is the remainder when g is divided by 7?
4
Let l = 103 - 84. Calculate the remainder when l is divided by 10.
9
Suppose -22 = -4*t + 2*l, t + 8 = -4*l - 0*l. Suppose 0 = 2*o - 4*o + t. Suppose -2*d = -o - 16. Calculate the remainder when 26 is divided by d.
8
Let w(q) = -2*q**2 - 9*q - 4. Suppose 3*j = 2*j - 10. Let n be w(j). Let g = -77 - n. Calculate the remainder when g is divided by 13.
11
Let b = -95 - -149. What is the remainder when 484 is divided by b?
52
Calculate the remainder when (-242)/(-12) - (-4)/(-24) is divided by 2/(-5) - 74/(-10).
6
Let y = 16 + 39. Calculate the remainder when 105 is divided by y.
50
Let f be 15 + (-4)/(-6)*-3. Let l(h) = -h**2 - 12*h + 3. Calculate the remainder when l(-7) is divided by 2*(-2)/((-4)/f).
12
Let c = -106 - -155. What is the remainder when c is divided by 26?
23
Let j(q) be the third derivative of q**6/120 - q**5/20 + q**4/24 + 4*q**2. What is the remainder when 5 is divided by j(3)?
2
Suppose -3*k = -3*l + 132, -5*l + 193 = -0*k + 4*k. What is the remainder when (-4 - -1) + (l - 5) is divided by 7?
5
Let i(t) = t**3 + 10*t**2 + 2*t - 1. Let x(k) = 2*k**3 + 2*k**2 - 3*k + 3. What is the remainder when i(-9) is divided by x(2)?
20
Suppose -10*y + 84 = -3*y. Calculate the remainder when y is divided by 7.
5
Let x(i) = -i**2 - 10*i + 10. Let g be x(-11). Let o be g/(-2)*(3 - 3). Suppose t + 0 - 11 = o. Calculate the remainder when 32 is divided by t.
10
Let x(o) = -o**3 - 2*o**2 - 3*o - 2. Let f be x(-2). Suppose -f*s - 32 = -z, -4*z - 4*s + s + 71 = 0. What is the remainder when 79 is divided by z?
19
Calculate the remainder when 98 is divided by (5/(-2))/((-8)/80).
23
Let c(v) = v**2 - 4*v - 6. What is the remainder when 75 is divided by c(8)?
23
Suppose 0 = g + g - 20. What is the remainder when 17 is divided by g?
7
Suppose -13 + 1 = -4*s. Suppose 2*b - 23 = 3*k, k + 0*k - s = -2*b. What is the remainder when 6 is divided by b?
2
Let z = -31 - -45. Calculate the remainder when 55 is divided by z.
13
Suppose 0 = 4*n - q - 47, 3*n + q - 44 = -0*n. Suppose 15*o = 12*o + 15. Suppose -o = p - 30. Calculate the remainder when p is divided by n.
12
Suppose -50 = -s + 55. Suppose -60 = -7*w + 2*w. What is the remainder when s/(-12)*12/(-3) is divided by w?
11
Let g(k) = k**3 - k + 8. Let d = -7 - -20. Calculate the remainder when d is divided by g(0).
5
Let p(b) = b**3 + b**2 + b + 22. What is the remainder when 86 is divided by p(0)?
20
Suppose 4*d = d. What is the remainder when 0 - (d - 0) - -22 is divided by ((-12)/10)/(2/(-20))?
10
Suppose 5*u = w + 2*u - 22, -2*w = -5*u - 39. Calculate the remainder when 2/(-6)*1*(1 + -40) is divided by w.
6
Suppose 24 = x + 4*q, -q - 130 = -3*x - x. Calculate the remainder when 45 is divided by (x/1)/2 - 0.
13
Calculate the remainder when 796/6 + -2 - (-2)/6 is divided by 33.
32
What is the remainder when 150 is divided by 38*(-3 - (-35)/10)?
17
Calculate the remainder when (-74)/8*(-6 - -2)*1 is divided by 10.
7
Let y = -9 + 10. What is the remainder when (-1 + 3)*(-2)/(-4) is divided by y?
0
Let r = 100 - 68. Suppose -y - 4*y = 0. Suppose 51 = 3*v - y*v. Calculate the remainder when r is divided by v.
15
Let q = -75 + 90. Let v(b) = 9*b + 3. What is the remainder when v(6) is divided by q?
12
Let d = 3 - -1. Let l = 244 - 196. Calculate the remainder when l is divided by ((-17)/(-3))/(d/12).
14
Let o(s) = 33*s**2 - 3*s + 3. Let r(q) = 66*q**2 - 7*q + 7. Let b(l) = 9*o(l) - 4*r(l). Calculate the remainder when b(1) is divided by (-10)/(-20) + 46/4.
9
Suppose 0*o + 2*o = 64. Calculate the remainder when o is divided by 12.
8
Suppose -5*g = -8*g + 6. What is the remainder when -7*(6/3)/(-2) is divided by g?
1
Let s(h) = 4*h**2 + 17*h + 7. Calculate the remainder when s(-6) is divided by 10.
9
What is the remainder when (-40)/16*(-46)/5 is divided 